ivided by 2605?
21
Calculate the remainder when 10529 is divided by 461.
387
Calculate the remainder when 30097 is divided by 52.
41
What is the remainder when 309727 is divided by 9109?
21
What is the remainder when 5576 is divided by 143?
142
Calculate the remainder when 6989 is divided by 1393.
24
Calculate the remainder when 7865 is divided by 108.
89
What is the remainder when 11115 is divided by 1781?
429
Calculate the remainder when 85140 is divided by 990.
0
What is the remainder when 5572 is divided by 300?
172
What is the remainder when 13937 is divided by 517?
495
Calculate the remainder when 5519 is divided by 1820.
59
What is the remainder when 8770 is divided by 117?
112
Calculate the remainder when 17383 is divided by 4342.
15
What is the remainder when 47080 is divided by 1239?
1237
What is the remainder when 49912 is divided by 108?
16
What is the remainder when 142 is divided by 40?
22
What is the remainder when 20525 is divided by 16?
13
Calculate the remainder when 441546 is divided by 334.
332
Calculate the remainder when 9580 is divided by 322.
242
What is the remainder when 7250 is divided by 402?
14
Calculate the remainder when 5187 is divided by 22.
17
Calculate the remainder when 369073 is divided by 10.
3
What is the remainder when 1683989 is divided by 41?
37
What is the remainder when 24422 is divided by 609?
62
Calculate the remainder when 4906 is divided by 213.
7
What is the remainder when 1845738 is divided by 13?
11
What is the remainder when 2903 is divided by 175?
103
What is the remainder when 21453 is divided by 1636?
185
What is the remainder when 1361 is divided by 393?
182
Calculate the remainder when 34674 is divided by 40.
34
What is the remainder when 14585 is divided by 232?
201
Calculate the remainder when 149935 is divided by 134.
123
What is the remainder when 22339 is divided by 114?
109
What is the remainder when 6772 is divided by 2215?
127
Calculate the remainder when 1272 is divided by 91.
89
Calculate the remainder when 74565 is divided by 39.
36
Calculate the remainder when 11482 is divided by 17.
7
What is the remainder when 3160 is divided by 1515?
130
Calculate the remainder when 38870 is divided by 883.
18
What is the remainder when 637 is divided by 79?
5
Calculate the remainder when 45026 is divided by 3215.
16
What is the remainder when 220527 is divided by 1253?
1252
Calculate the remainder when 82210 is divided by 39.
37
Calculate the remainder when 6903 is divided by 73.
41
Calculate the remainder when 118752 is divided by 29670.
72
Calculate the remainder when 14805 is divided by 7401.
3
Calculate the remainder when 13470 is divided by 2523.
855
What is the remainder when 6156 is divided by 1339?
800
What is the remainder when 2862 is divided by 55?
2
What is the remainder when 17105 is divided by 950?
5
Calculate the remainder when 41653 is divided by 137.
5
What is the remainder when 8503 is divided by 23?
16
Calculate the remainder when 360773 is divided by 202.
1
Calculate the remainder when 6410 is divided by 684.
254
What is the remainder when 9151 is divided by 42?
37
Calculate the remainder when 221 is divided by 193.
28
What is the remainder when 2208 is divided by 184?
0
Calculate the remainder when 289770 is divided by 37.
23
What is the remainder when 181258 is divided by 1250?
8
Calculate the remainder when 124215 is divided by 402.
399
Calculate the remainder when 329912 is divided by 17.
10
Calculate the remainder when 7396 is divided by 1231.
10
What is the remainder when 44298 is divided by 1477?
1465
What is the remainder when 22170 is divided by 297?
192
Calculate the remainder when 13586 is divided by 4.
2
What is the remainder when 527 is divided by 89?
82
Calculate the remainder when 106168 is divided by 29.
28
What is the remainder when 9843 is divided by 47?
20
Calculate the remainder when 114413 is divided by 1050.
1013
Calculate the remainder when 12280 is divided by 177.
67
Calculate the remainder when 11002 is divided by 523.
19
What is the remainder when 13041 is divided by 129?
12
What is the remainder when 12934 is divided by 2616?
2470
What is the remainder when 2017 is divided by 503?
5
Calculate the remainder when 10819 is divided by 56.
11
What is the remainder when 10092 is divided by 120?
12
What is the remainder when 14694 is divided by 5?
4
Calculate the remainder when 589654 is divided by 1163.
13
Calculate the remainder when 98746 is divided by 204.
10
What is the remainder when 23585 is divided by 2619?
14
Calculate the remainder when 40918 is divided by 6786.
202
What is the remainder when 6916 is divided by 6025?
891
Calculate the remainder when 192497 is divided by 64164.
5
What is the remainder when 23423 is divided by 124?
111
Calculate the remainder when 114742 is divided by 57364.
14
Calculate the remainder when 7705 is divided by 7.
5
Calculate the remainder when 6871 is divided by 2279.
34
Calculate the remainder when 19282 is divided by 219.
10
What is the remainder when 390231 is divided by 29?
7
What is the remainder when 103470 is divided by 51733?
4
What is the remainder when 6108 is divided by 116?
76
What is the remainder when 12841 is divided by 6404?
33
What is the remainder when 59625 is divided by 505?
35
Calculate the remainder when 15844 is divided by 3959.
8
Calculate the remainder when 808273 is divided by 202066.
9
What is the remainder when 22313 is divided by 248?
241
What is the remainder when 122704 is divided by 30660?
64
What is the remainder when 11406 is divided by 948?
30
What is the remainder when 72769 is divided by 106?
53
What is the remainder when 981571 is divided by 4482?
13
What is the remainder when 241145 is divided by 1013?
51
What is the remainder when 43797 is divided by 10881?
273
Calculate the remainder when 1598 is divided by 532.
2
What is the remainder when 944141 is divided by 45?
41
Calculate the remainder when 2499730 is divided by 13.
12
Calculate the remainder when 574 is divided by 162.
88
What is the remainder when 21733 is divided by 12?
1
What is the remainder when 373678 is divided by 8897?
4
Calculate the remainder when 46606 is divided by 97.
46
Calculate the remainder when 11075 is divided by 3681.
32
What is the remainder when 13861 is divided by 220?
1
What is the remainder when 802 is divided by 204?
190
What is the remainder when 258921 is divided by 36?
9
What is the remainder when 3372 is divided by 187?
6
What is the remainder when 794085 is divided by 13?
6
Calculate the remainder when 8924 is divided by 4161.
602
What is the remainder when 7737 is divided by 267?
261
What is the remainder when 622 is divided by 79?
69
Calculate the remainder when 85998 is divided by 455.
3
What is the remainder when 47696 is divided by 450?
446
Calculate the remainder when 2566 is divided by 82.
24
Calculate the remainder when 2436 is divided by 148.
68
Calculate the remainder when 382269 is divided by 192.
189
Calculate the remainder when 18767 is divided by 35.
7
Calculate the remainder when 79 is divided by 15.
4
What is the remainder when 104457 is divided by 30?
27
Calculate the remainder when 2115 is divided by 49.
8
What is the remainder when 1767 is divided by 118?
115
What is the remainder when 18224 is divided by 49?
45
What is the remainder when 4021 is divided by 587?
499
Calculate the remainder when 21543 is divided by 38.
35
What is the remainder when 623 is divided by 150?
23
Calculate the remainder when 15938 is divided by 5309.
11
What is the remainder when 13189 is divided by 95?
79
What is the remainder when 5066 is divided by 35?
26
What is the remainder when 133377 is divided by 156?
153
Calculate the remainder when 26273 is divided by 8725.
98
Calculate the remainder when 37085 is divided by 16.
13
Calculate the remainder when 23721 is divided by 123.
105
What is the remainder when 21182 is divided by 7060?
2
What is the remainder when 2665 is divided by 515?
90
What is the remainder when 4410 is divided by 5?
0
Calculate the remainder when 41171 is divided by 675.
671
Calculate the remainder when 76967 is divided by 8.
7
What is the remainder when 559 is divided by 434?
125
Calculate the remainder when 287 is divided by 52.
27
What is the remainder when 